{"id":97,"date":"2018-07-15T11:35:43","date_gmt":"2018-07-15T09:35:43","guid":{"rendered":"https:\/\/vmoller.dk\/?page_id=97"},"modified":"2026-01-31T15:32:18","modified_gmt":"2026-01-31T14:32:18","slug":"blog-links","status":"publish","type":"page","link":"https:\/\/vmoller.dk\/index.php\/blog-links\/","title":{"rendered":"Blog links"},"content":{"rendered":"<h3>Blogs of my Colleagues<\/h3>\n<p>Allan Kj\u00e6r &#8211; <a href=\"https:\/\/www.virtual-allan.com\/\" target=\"_blank\" rel=\"noopener noreferrer\">Virtual Allan<\/a><br \/>\nVMware and a lot of other stuff<\/p>\n<p>Andr\u00e9 Briand de Cr\u00e8vecoeur &#8211; <a href=\"https:\/\/www.linkedin.com\/today\/author\/abdec\" target=\"_blank\" rel=\"noopener noreferrer\">LinkedIn blog<\/a><br \/>\nVMware<\/p>\n<p>Anders Jacobsen &#8211;\u00a0<a href=\"https:\/\/www.pinking.dk\/\" target=\"_blank\" rel=\"noopener\">pinking.dk \u2013 Goodies from a real life it dude<\/a><br \/>\nVMware and other stuff<\/p>\n<p>Henrik G. Petersen &#8211; <a href=\"https:\/\/virtualmoffe.blogspot.com\/\" target=\"_blank\" rel=\"noopener\">VM &#8211; Virtual Moffe<\/a><br \/>\nVeeam and VMware<\/p>\n<p>Kenneth Hjemar &#8211; <a href=\"https:\/\/www.vkenneth.com\/\" target=\"_blank\" rel=\"noopener\">vKenneth.com \u2013 Automating everything<\/a><br \/>\nVMware Aria and VCF<\/p>\n<p>J\u00f8rgen Rosenkvist Pedersen &#8211; <a href=\"https:\/\/www.virtual-hawk.com\/\" target=\"_blank\" rel=\"noopener\">VIRTUAL-HAWK.COM<\/a><br \/>\nCitrix<\/p>\n<p>Jesper Lindholdt (Youtube) &#8211; <a href=\"https:\/\/www.youtube.com\/channel\/UCzDQ-yFaWx_WO9Uhld5s7FQ\/videos\" target=\"_blank\" rel=\"noopener\">Link<\/a><br \/>\nCitrix<\/p>\n<h3>Other very useful blogs<\/h3>\n<p>Brian F. Knutsson &#8211; <a href=\"https:\/\/vm.knutsson.it\/\" target=\"_blank\" rel=\"noopener noreferrer\">The vGoodie-bag<\/a><br \/>\nVMware<\/p>\n<p><a href=\"https:\/\/blogs.vmware.com\/vmtn\/\" target=\"_blank\" rel=\"noopener noreferrer\">VMTN Blog<\/a> by VMware<br \/>\nVirtualization news from VMware and the community of virtualization users<\/p>\n<p><a href=\"http:\/\/www.yellow-bricks.com\/\" target=\"_blank\" rel=\"noopener noreferrer\">Yellow Bricks<\/a> by Duncan Epping<br \/>\nVMware<\/p>\n<p><a href=\"https:\/\/cormachogan.com\/\" target=\"_blank\" rel=\"noopener noreferrer\">CormacHogan.com<\/a> by Cormac Hogan<br \/>\nVMware<\/p>\n<p><a href=\"http:\/\/frankdenneman.nl\/\" target=\"_blank\" rel=\"noopener noreferrer\">FRANKDENNEMAN.NL<\/a> by\u00a0Frank Denneman<br \/>\nVMware<\/p>\n<p><a href=\"https:\/\/www.ntpro.nl\/\" target=\"_blank\" rel=\"noopener noreferrer\">NTPRO.NL<\/a>\u00a0by Eric Sloof<br \/>\nVMware\u00a0(a lot educational stuff)<\/p>\n<p><a href=\"https:\/\/www.perfectcloud.org\/\" target=\"_blank\" rel=\"noopener noreferrer\">Perfect Cloud<\/a> by Rasmus Haslund<br \/>\nVeeam and VMware<\/p>\n<p><a href=\"https:\/\/www.virtuallyghetto.com\/\" target=\"_blank\" rel=\"noopener noreferrer\">virtuallyGhetto<\/a> by William Lam<br \/>\nVMware\u00a0 &#8211; very good place to find PowerCli and automation stuff<\/p>\n","protected":false},"excerpt":{"rendered":"<p>Blogs of my Colleagues Allan Kj\u00e6r &#8211; Virtual Allan VMware and a lot of other stuff Andr\u00e9 Briand de Cr\u00e8vecoeur &#8211; LinkedIn blog VMware Anders Jacobsen &#8211;\u00a0pinking.dk \u2013 Goodies from a real life it dude VMware and other stuff Henrik G. Petersen &#8211; VM &#8211; Virtual Moffe Veeam and VMware Kenneth Hjemar &#8211; vKenneth.com \u2013 [&hellip;]<\/p>\n","protected":false},"author":1,"featured_media":0,"parent":0,"menu_order":0,"comment_status":"closed","ping_status":"closed","template":"","meta":{"_monsterinsights_skip_tracking":false,"_monsterinsights_sitenote_active":false,"_monsterinsights_sitenote_note":"","_monsterinsights_sitenote_category":0,"footnotes":""},"class_list":["post-97","page","type-page","status-publish","hentry"],"_links":{"self":[{"href":"https:\/\/vmoller.dk\/index.php\/wp-json\/wp\/v2\/pages\/97","targetHints":{"allow":["GET"]}}],"collection":[{"href":"https:\/\/vmoller.dk\/index.php\/wp-json\/wp\/v2\/pages"}],"about":[{"href":"https:\/\/vmoller.dk\/index.php\/wp-json\/wp\/v2\/types\/page"}],"author":[{"embeddable":true,"href":"https:\/\/vmoller.dk\/index.php\/wp-json\/wp\/v2\/users\/1"}],"replies":[{"embeddable":true,"href":"https:\/\/vmoller.dk\/index.php\/wp-json\/wp\/v2\/comments?post=97"}],"version-history":[{"count":15,"href":"https:\/\/vmoller.dk\/index.php\/wp-json\/wp\/v2\/pages\/97\/revisions"}],"predecessor-version":[{"id":584,"href":"https:\/\/vmoller.dk\/index.php\/wp-json\/wp\/v2\/pages\/97\/revisions\/584"}],"wp:attachment":[{"href":"https:\/\/vmoller.dk\/index.php\/wp-json\/wp\/v2\/media?parent=97"}],"curies":[{"name":"wp","href":"https:\/\/api.w.org\/{rel}","templated":true}]}}